*t**3 + 2*t**2 - 920*t - 923. Calculate x(-1).
-183
Let r(n) = -9538*n**2 - 123997*n - 30. Determine r(-13).
9
Let b(o) = -26862*o + 403014. What is b(15)?
84
Let j(l) = 453*l - 34929. What is j(72)?
-2313
Let p(i) = -3627*i - 216. Determine p(-1).
3411
Let d(j) = -14*j**2 - 25825*j + 77504. Determine d(3).
-97
Let w(c) = -4*c**2 - 31*c + 96. Give w(10).
-614
Let l(z) = 1364*z + 155497. Calculate l(-114).
1
Let n(o) = -o**3 + 313*o**2 - 928*o + 69. Give n(310).
689
Let d(u) = 52*u**2 + 75*u + 26. Determine d(-5).
951
Let a(m) = -m**3 + 31*m**2 + 7760*m - 23537. Determine a(3).
-5
Let k(l) = -l**3 + 97*l**2 + 12*l - 519. What is k(0)?
-519
Let z(w) = -70428*w + 7. What is z(0)?
7
Let v(o) = 11*o**2 - 1440*o + 7237. Calculate v(5).
312
Let x(k) = k**3 - 90*k**2 - 764*k - 1954. Give x(98).
6
Let v(t) = -2*t**2 - 83*t + 1232. What is v(13)?
-185
Let y(k) = -110*k**3 + 12*k**2 + 216*k + 418. What is y(-2)?
914
Let p(h) = 81*h**2 - 92*h + 15. What is p(2)?
155
Let u(d) = -65*d + 523. Calculate u(11).
-192
Let x(c) = c**2 - 129862*c - 1168868. Give x(-9).
-29
Let u(g) = -g**2 - 82*g + 5361. Calculate u(44).
-183
Let l(u) = u**2 + 412*u - 14961. Give l(35).
684
Let z(j) = j**2 + 4777*j - 120001. Calculate z(25).
49
Let t(o) = -1596528*o - 30334026. Determine t(-19).
6
Let m(g) = g**2 - 75*g + 1036. What is m(32)?
-340
Let d(y) = -3*y**3 - 5*y**2 + 6*y + 33. Determine d(-3).
51
Let f(l) = l**3 - 43*l**2 + 50801*l - 2237176. Calculate f(44).
4
Let g(d) = d**2 + 19927*d - 219001. Give g(11).
317
Let i(w) = w**3 + 139*w**2 - 589*w - 2125. Determine i(-143).
306
Let b(k) = 140*k - 11807. Calculate b(82).
-327
Let b(s) = -s**2 + 47*s - 722. Give b(27).
-182
Let r(y) = y**3 - 443*y**2 + 13537*y - 213. What is r(33)?
18
Let s(k) = -3*k**3 + 39*k**2 + 106*k - 1379. Determine s(13).
-1
Let y(b) = -1323*b - 53693. Calculate y(-41).
550
Let h(u) = 156*u**3 - 5*u**2 - 28*u - 24. Give h(-2).
-1236
Let d(c) = 113*c - 6939. What is d(66)?
519
Let r(i) = -3368*i + 2078090. Determine r(617).
34
Let b(d) = 27*d**2 + 43*d - 23. Calculate b(-5).
437
Let i(p) = -p**3 - 182*p**2 + 893*p - 19. What is i(5)?
-229
Let z(b) = 5799*b - 17437. What is z(3)?
-40
Let p(d) = 777*d**2 + 116547*d - 586. Give p(-150).
-136
Let b(a) = -a**3 + 18*a**2 - 80*a - 527. Give b(16).
-1295
Let d(y) = y**3 + 640*y**2 - 152*y - 97332. Give d(-640).
-52
Let c(d) = 28*d**2 - 1173*d + 7659. Give c(8).
67
Let i(w) = 2*w**3 + 91*w**2 + 350*w - 2208. Determine i(-8).
-208
Let n(o) = 3*o**3 - 50*o**2 - 725*o + 12031. Calculate n(17).
-5
Let r(m) = -610*m - 158598. Determine r(-261).
612
Let p(n) = n**3 + 4665*n**2 - 9338*n + 8. Determine p(2).
0
Let d(b) = -29202*b - 321234. What is d(-11)?
-12
Let g(h) = h**3 - 29*h**2 + 616*h - 4257. Give g(9).
-333
Let a(s) = 89*s**2 - 554*s + 822. Determine a(4).
30
Let l(g) = -2*g**2 + 99*g - 1161. Determine l(13).
-212
Let r(a) = -a**2 + 298*a - 5160. Determine r(18).
-120
Let n(f) = 2452*f - 296720. What is n(121)?
-28
Let w(i) = 701*i - 41396. Determine w(59).
-37
Let r(k) = 414*k + 75349. Determine r(-182).
1
Let c(w) = 857*w + 1009. Calculate c(-1).
152
Let w(u) = -9*u**3 - u**2 + 24*u + 156. Calculate w(-5).
1136
Let q(b) = 2*b**3 - 77*b**2 + 2767*b - 109374. What is q(39)?
60
Let b(i) = -i**3 - 248*i**2 - 224*i + 8274. What is b(-247)?
2593
Let o(q) = 8*q**2 - 5579*q + 134476. Give o(25).
1
Let f(u) = -7*u**2 + 1089*u - 38257. Determine f(102).
-7
Let z(l) = -125*l**2 + 42*l. Determine z(-1).
-167
Let j(b) = -b**2 - 77*b - 233. What is j(0)?
-233
Let t(j) = -90406*j + 723238. Calculate t(8).
-10
Let t(r) = -298*r**2 + 2546*r - 906. What is t(8)?
390
Let q(p) = -6*p**2 + 239*p + 3784. Determine q(-12).
52
Let a(i) = -3*i**2 - 8589*i + 216598. Determine a(25).
-2
Let h(a) = 14*a**2 - 1710*a + 9962. Calculate h(116).
-14
Let g(i) = -10513*i - 53055. What is g(-5)?
-490
Let q(t) = -3098*t + 43396. What is q(14)?
24
Let a(r) = -3*r**3 - 4*r**2 - 41*r + 90. Calculate a(2).
-32
Let s(z) = -z**3 - 53*z**2 - 682*z + 116. Calculate s(-30).
-124
Let q(l) = 34*l**3 + 37*l**2 + 177*l + 514. Give q(-3).
-602
Let a(q) = 1629*q + 309506. What is a(-190)?
-4
Let n(o) = -69*o**3 + 1520*o**2 - 30*o - 18. Calculate n(22).
290
Let v(m) = -m**3 + 3*m**2 - 17242*m + 34478. What is v(2)?
-2
Let u(n) = 2*n**3 + 140*n**2 + 1155*n + 3454. Determine u(-61).
-23
Let q(j) = -j**3 + 49*j**2 - 616*j + 372. Determine q(23).
-42
Let w(s) = 10*s**2 + 1069*s + 27555. Calculate w(-43).
78
Let z(v) = -72666*v - 508671. Calculate z(-7).
-9
Let k(w) = 4*w**2 - 362*w + 2769. Determine k(8).
129
Let d(m) = -1199*m + 8494. What is d(7)?
101
Let m(f) = 129*f**2 + 10452*f + 228. Determine m(-81).
-15
Let u(t) = t**3 - 579*t**2 + 22052*t + 4220. What is u(538)?
992
Let x(a) = 26*a**2 + 15069*a - 21509. Calculate x(-581).
-12
Let r(f) = 133474*f + 4004219. Determine r(-30).
-1
Let t(x) = 61*x + 884. Give t(-20).
-336
Let y(o) = -3111*o + 192838. Determine y(62).
-44
Let u(t) = t**3 + 110*t**2 - 888*t + 576. Determine u(7).
93
Let y(a) = 3617*a + 770445. Determine y(-213).
24
Let s(c) = -7*c**2 - 1456*c - 5669. Give s(-204).
43
Let n(v) = 7*v**3 + 71*v**2 + 230*v - 10. Calculate n(-3).
-250
Let m(q) = q**3 + 56*q**2 - 411*q - 313. Determine m(-63).
-2203
Let n(d) = 3*d**2 - 736*d - 282872. Calculate n(-208).
8
Let m(y) = 2*y**3 - y**2 - 33*y + 12. Give m(7).
418
Let c(i) = i**2 + 1434*i - 39501. Calculate c(27).
-54
Let z(w) = 11083*w - 133881. Give z(12).
-885
Let z(i) = 14138*i + 127237. What is z(-9)?
-5
Let d(w) = -5*w**2 - 4183*w + 62767. What is d(15)?
-1103
Let f(b) = -b**3 - 355*b**2 - 14505*b - 8936. Give f(-308).
-4
Let h(v) = -303320*v - 2123243. Calculate h(-7).
-3
Let r(q) = -29*q**2 + 153*q - 53. Give r(5).
-13
Let k(j) = -34*j**2 - 29*j + 206. Calculate k(-3).
-13
Let n(r) = -4*r**3 + 137*r**2 - 1029*r + 64. What is n(23)?
202
Let n(j) = 122*j**3 - 29*j**2 + 24*j + 4. Give n(1).
121
Let q(a) = -2*a**3 - 20*a**2 + 5*a + 296. Give q(4).
-132
Let n(y) = -11*y + 2582. Calculate n(58).
1944
Let w(t) = 10218*t + 98191. Give w(-10).
-3989
Let l(y) = -2868*y + 409889. Determine l(143).
-235
Let y(f) = -1092858*f - 24042883. What is y(-22)?
-7
Let r(z) = 9336*z + 849576. What is r(-91)?
0
Let c(n) = -63210*n + 24. Give c(0).
24
Let h(f) = -561*f - 4436. Give h(-8).
52
Let u(l) = 35*l**3 - 21*l**2 + 62*l - 59. Determine u(3).
883
Let z(h) = -156*h + 14356. What is z(92)?
4
Let o(u) = 1866*u + 31555. Give o(-17).
-167
Let f(s) = -729982*s - 5109879. Determine f(-7).
-5
Let q(z) = 10*z**2 - 336*z - 1374. Determine q(-4).
130
Let f(i) = 631*i**2 + 4281*i - 4280. Calculate f(1).
632
Let u(j) = j**3 - 25*j**2 + 104*j + 385. Calculate u(9).
25
Let o(c) = -2*c**3 + 169*c**2 + 1586*c - 184462. Calculate o(80).
18
Let v(l) = 661*l**2 - 881*l + 1766. Calculate v(2).
2648
Let f(g) = -3763*g - 267560. Give f(-71).
-387
Let v(l) = -232*l - 268. Give v(5).
-1428
Let y(z) = -z**3 - 46*z**2 + 285*z + 32. Calculate y(6).
-130
Let p(z) = 10926*z - 21712. What is p(2)?
140
Let t(f) = -290*f + 2921. Calculate t(10).
21
Let o(t) = 14392*t + 172694. Calculate o(-12).
-10
Let z(s) = 11*s**2 + 5002*s + 4987. Give z(-1).
-4
Let z(x) = -x**3 - 54*x**2 + 1182*x + 100. What is z(17)?
-325
Let n(b) = -2*b**3 - 186*b**2 - 162*b + 2085. Give n(-92).
61
Let v(c) = 44*c**3 + 6*c**2 - 659*c + 1294. Calculate v(2).
352
Let u(b) = 166*b**2 + 194382*b - 4684. Give u(-1171).
0
Let j(q) = -2*q**2 + 1261*q - 30271. What is j(25)?
4
Let q(x) = 2*x**2 + 5948*x + 17820. Calculate q(-3).
-6
Let y(w) = 2*w**3 - 50*w**2 - 92*w - 94. Determine y(27).
338
Let x(k) = -k**3 + 89*k**2 + 657*k - 95. Calculate x(-7).
10
Let q(v) = -v**3 - 12*v**2 + 66*v + 637. Determine q(-8).
-147
Let f(d) = -11336*d - 2414565. Calculate f(-213).
3
Let v(d) = 12*d**3 - 21*d**2 - 60*d + 14. What is v(3)?
-31
Let r(t) = 3*t**3 + 85*t**2 - 323*t + 533. What is r(-32)?
-395
Let q(a) = -a**3 - 62*a**2 - 815*a + 3616. Determine q(-38).
-70
Let v(y) = -118*y**3 + 2*y**2 - 277*y + 535. What is v(2)?
-955
Let q(b) = 2730*b + 570667. Give q(-209).
97
Let n(y) = -1522*y - 64094. Determine n(-42).
-170
Let g(u) = -10188*u + 244523. Give g(24).
11
Let q(g) = g**3 + 122*g**2 + 1295*g - 2111. Give q(-110).
639
Let r(p) = 99*p**2 - 18545*p - 12597. Determine r(188).
-1
Let y(u) 